e 6*w = m*w + 90. Suppose 2*h = 7*h - w. List the prime factors of h.
2, 3
Let u(p) = p**2 + 1. Let n be u(1). Suppose n*g = -2*i - 88, -g + 2*i - 59 = 6*i. What are the prime factors of (-1)/(-4) + g/(-4)?
2, 5
Let o(v) = -2*v - 3. Let t be (4/8)/((-2)/(-8)). Suppose 0 = t*c - 7*c - 2*a - 30, -5*a + 6 = -c. List the prime factors of o(c).
3
Let u = -31 + 43. List the prime factors of u.
2, 3
Suppose 5*m = 12 + 13. Suppose 0*s = -m*s + 95. Let v = s + -6. What are the prime factors of v?
13
Let h(t) be the third derivative of -t**6/120 + t**5/60 + 2*t**3/3 - 2*t**2. Let s be h(3). Let b = s - -21. What are the prime factors of b?
7
Suppose -6*h = -1 - 11. Suppose q - 33 = h*b, -4*q + 0*b + 120 = -5*b. List the prime factors of q.
5
Suppose 2 - 4 = -f. Suppose f*b - 55 = w, -5*w - 138 = -5*b - 8. List the prime factors of b.
29
List the prime factors of 321 + 2 - (-3)/1.
2, 163
Suppose 0*r = -r + 3, -4*i + r = -197. What are the prime factors of i?
2, 5
Let b(t) be the second derivative of 7*t**5/60 + t**4/12 + t**3/6 - t**2/2 - 2*t. Let a(l) be the first derivative of b(l). What are the prime factors of a(-1)?
2, 3
Let d(t) = -2*t + 1. Let f be d(-4). Let z be 0 + (1/(-1))/1. Let q = f + z. List the prime factors of q.
2
Suppose 5*q + 33 = -2. Let o(b) = -b**3 - 8*b**2 - 9*b - 6. Let s be o(q). Suppose 3*c + s = 29. What are the prime factors of c?
7
Suppose 1447 = 5*o - 2*y, -4*o - 7*y + 10*y = -1152. List the prime factors of o.
3, 97
Suppose -3*o + 2*u - 11 = 26, -5*o - 50 = -u. List the prime factors of o/3 - -15 - 1.
11
Let j(x) = x**3 + 16*x**2 - 22*x + 2. What are the prime factors of j(-17)?
3, 29
Let i = -153 + 385. What are the prime factors of i?
2, 29
Suppose -4*f + 509 - 21 = -4*c, 3*f + 4*c = 352. List the prime factors of f.
2, 3, 5
Suppose -2*y - 2 + 10 = 0. Suppose -4 = 2*b + 4*q, 2*b - y*b = -5*q - 41. List the prime factors of b.
2
Suppose 2*s = s + 40. List the prime factors of s.
2, 5
Suppose 8*d + 30 = 3*d. What are the prime factors of (-4)/d + 242/33?
2
Suppose -4*w - 2*n = 2*n + 48, 2*n = 2*w + 4. Let k = 12 + w. Suppose 0*h + h = k. What are the prime factors of h?
5
Suppose -5*v = h - 51, 4*v + 72 = 4*h - 36. List the prime factors of h.
31
Suppose -5*s + 7 = -2*t, -4*s - 4*t = -5*t - 8. Suppose -21 = -3*v - s. What are the prime factors of -4*v*(-2)/8?
2, 3
Suppose 2*t = 64 + 4. What are the prime factors of t?
2, 17
Let c(s) = 4*s. Let d be c(10). Let y = -21 + d. List the prime factors of y.
19
Let v(u) = u**3 + 11*u**2 - 4*u + 23. List the prime factors of v(-9).
13, 17
Let d be (-2)/3 - (-57)/(-9). Let p be ((-6)/(-9))/((-4)/(-6)). List the prime factors of (p - 3)*d/2.
7
Let b(j) = -j**2 - j - 1. Let i(c) = 6*c**2 - c + 8. Let m(d) = -5*b(d) - i(d). List the prime factors of m(5).
2
Let l be -1 + 1 + 3 + 0. Let k be 1*l/1 + 2. Suppose -3*i + k*i = 12. What are the prime factors of i?
2, 3
Suppose c + 8 + 1 = 3*f, 3*c - 13 = -f. Suppose 0 = c*r - 3, n - 5*n + 4*r + 68 = 0. Let o = -10 + n. List the prime factors of o.
2
Let g(f) = 8*f + 7. List the prime factors of g(4).
3, 13
Suppose 0 = -3*b + 4*z + 149, -5*z - 97 = -6*b + 4*b. List the prime factors of b.
3, 17
Suppose -3*y + 3 = -0*y, h = -2*y + 8. Suppose 4*a - h - 6 = 0. Suppose 9 + 0 = a*t. List the prime factors of t.
3
Let u(o) = -o**3 + 10*o + 14. What are the prime factors of u(-4)?
2, 19
Let v = -26 - -89. What are the prime factors of v?
3, 7
Let z = 12 - 9. Suppose z*w - 76 + 7 = 0. What are the prime factors of w?
23
Let k = -469 - -695. What are the prime factors of k?
2, 113
Let a(g) = g**2 - 6*g - 5. Let d be a(6). List the prime factors of ((-3)/(-2))/(d/(-70)).
3, 7
Let r(p) = 76*p - 18. List the prime factors of r(5).
2, 181
Suppose n - 8 = -5*g + 3, 0 = g - n - 1. Suppose g*w = -2*w + 256. Suppose -10 = 5*p, 0 = -7*l + 2*l - 3*p + w. What are the prime factors of l?
2, 7
Suppose -5*p + p = -16. Let r = 7 - p. Suppose -d - 14 = -r*d. List the prime factors of d.
7
Suppose 5*p + 4*d - 93 = 2*p, 144 = 5*p + 3*d. What are the prime factors of p?
3
What are the prime factors of 23/1 + 1/(4/(-12))?
2, 5
Let f be 4 + -3 - (-1 - 1). Suppose -4*g + 13 = -5*k, -f*g = -6*g - 5*k + 1. List the prime factors of (6/(-10))/(g/(-10)).
3
Suppose s = 7*s - 396. List the prime factors of s.
2, 3, 11
Let x = -5 + 3. Let o(p) = p - 1. Let f be o(4). What are the prime factors of (f + 0)*x/(-2)?
3
Let t be (-51)/(-9)*2*-3. Let d = -22 - t. Suppose 5*k - 13 = d. List the prime factors of k.
5
Suppose 5*m + 4*l - 104 + 24 = 0, 5*m = -5*l + 75. What are the prime factors of m?
2, 5
Suppose -j - 4*j - 2*a = -90, 0 = -2*j + 2*a + 22. List the prime factors of j.
2
Suppose 4*p + 7 - 27 = -3*w, -8 = 2*p. Suppose w = -a + 27. Suppose 4*u = -o + 33, -4*o + 0*o = -5*u + a. What are the prime factors of u?
7
Suppose -6*s + 306 = 24. List the prime factors of s.
47
Let x(s) = -s**3 + 3*s**2 + 7*s - 6. List the prime factors of x(4).
2, 3
Let k = 45 - 23. Suppose -2*j - 6*c + 11*c + 22 = 0, 0 = -2*j - 3*c + k. Suppose 6 + j = d. What are the prime factors of d?
17
Let z be (0 + 1)*0/1. Let i = 0 - z. Suppose i = j - 5. What are the prime factors of j?
5
Suppose -301 - 84 = -11*f. List the prime factors of f.
5, 7
Suppose h - 138 = -h. What are the prime factors of h?
3, 23
Suppose 5*r + 4*k + 110 = 0, 4*r + 53 = k - 14. What are the prime factors of (-446)/r - (-12)/54?
5
Suppose j - 4*j + 42 = 0. What are the prime factors of j?
2, 7
Let w(m) = 4*m**2 + m - 4. Let b(j) = -j**2 - j + 1. Let n(a) = -6*b(a) - w(a). List the prime factors of n(-4).
2, 5
Let g(w) = w**2 + 17*w + 36. List the prime factors of g(-20).
2, 3
Suppose 0*x = 4*x - 200. Suppose l - 6*l = -x. What are the prime factors of l?
2, 5
Let k(v) = 8*v + 1. Let x(n) = -15*n - 2 - n - n. Let g(p) = 9*k(p) + 4*x(p). List the prime factors of g(2).
3
What are the prime factors of (0 - -10) + 24/32*-4?
7
Suppose 0 = 3*t + 34 - 322. Let u = t - 50. What are the prime factors of u?
2, 23
Let d = -3 + -83. List the prime factors of (20/(-8))/5*d.
43
Let r = -4 + 27. What are the prime factors of r?
23
Suppose 0*v - 2*v = -8. Suppose v*t - 55 = k - 4*k, -2*t - 2*k + 30 = 0. List the prime factors of t.
2, 5
Suppose 3*k = 2 - 5. List the prime factors of 2/k*(-57)/6.
19
Let f(t) = t**2 + t. Let c be f(-1). Suppose c = -5*q + 4 + 16. What are the prime factors of q + (-3 - 9/(-3))?
2
Let d(m) = 4*m**2 - 13*m + 35. What are the prime factors of d(5)?
2, 5, 7
What are the prime factors of 1/2*(-21 - -35)?
7
Let j = -55 + 131. Suppose 5*l = 9*l - j. List the prime factors of l.
19
Let k = -5 + 10. Suppose 29 = 2*s - k*n, s + 10 = -4*n - 8. Suppose -5*d = s*v - 59, -v - 10 + 37 = 2*d. List the prime factors of v.
17
Let l be ((-35)/15)/(1/3). Let t = l - -10. List the prime factors of 2 + (1 - (t + -4)).
2
Let x(b) = -b**3 - 6*b**2 - 3*b + 7. Suppose 16 = -2*l + 2*j, l + 16 = -3*l - 4*j. What are the prime factors of x(l)?
5
Suppose 8 = 5*b - 6*b. Let j be b/12 - (-4)/6. Suppose j = -f + 8. List the prime factors of f.
2
Suppose 0 = 2*p - 0*v + 5*v - 22, 3*p + 5*v = 43. Let g = p - 30. Let i(s) = -s**2 - 9*s + 13. List the prime factors of i(g).
13
Let c(r) = -r + 1. Let u be c(-4). Suppose 2*a + 9 = u*a. Suppose 5*m = a*x + 39, -4*m + 2*x + 39 = -3*x. What are the prime factors of m?
2, 3
Suppose -5*a - 46 = -11. Let i = -2 - a. Suppose -i*k = -9 - 31. List the prime factors of k.
2
Suppose -4*h + 2*c + 151 = 5*c, -5*c = -h + 32. List the prime factors of h.
37
Let j(a) = -a**3 + 3*a**2 + 5*a - 4. Let r be j(4). Suppose r = -5*b + 15 - 80. What are the prime factors of b*(-1 + 0/(-1))?
13
Let k be -1 + (-18)/(-3) + 1. Suppose 0 = -j + k*j + 10. What are the prime factors of (-2)/((-1)/(-4)*j)?
2
Let d(x) = x**3 + 6*x**2 + 6*x + 1. Let h be d(-4). List the prime factors of 6/h + 31/3.
11
Suppose 146 = 2*q - 14. List the prime factors of q.
2, 5
Let r be 4 - (-4 - (0 - -36)). Let u = 82 - r. List the prime factors of u.
2, 19
Suppose -7*o = o - 16. List the prime factors of o.
2
List the prime factors of 160*((-84)/(-35) + -2*1).
2
Let t(j) = 8*j**2 - j - 13. Let q(f) = -4*f**2 + f + 7. Let s(c) = 11*q(c) + 6*t(c). What are the prime factors of s(-4)?
43
Let l(n) = 12*n - 35. What are the prime factors of l(13)?
11
Let r 